 -2*d - 5*s + 4. Let o(q) = 2 + 6*q**2 - 7*q**2 + 2 - d*q. Determine o(-6).
10
Let o(q) = q**2 + 5*q - 7. Let r be o(-5). Let a(c) = 17. Let b(n) = -3*n + 77. Let z(f) = -5*a(f) + b(f). What is z(r)?
13
Let m(t) = -26324*t**3 + 2 + 3*t + 2*t**2 - 6*t**2 + 26325*t**3. What is m(3)?
2
Let a(g) = -g**3 - 11*g**2 - 11*g - 9. Let k be (-18)/(-15) - 336/30. Give a(k).
1
Let o(h) = -3*h**2 - 7*h - 5. Let v(a) = -4*a**2 - 10*a - 7. Let g(r) = -7*o(r) + 5*v(r). Determine g(2).
2
Let c(l) = 38*l**2 + 28*l**2 + 1 - 141*l**2 + 37*l**2 + 26*l**2. Let k(y) = -y**3 - y**2 + y - 1. Let s be k(-2). What is c(s)?
-11
Let y(f) = -f - 1. Let a(r) = 3*r + 27. Let m(u) = -a(u) - 6*y(u). Let z be m(5). Let n(x) = -x**3 - 6*x**2 + 4. Calculate n(z).
4
Let v be 3/(-1)*3 + -1. Let r be v/(-4)*(-48)/(-60). Let q(k) = -6 - k**3 + 2 + 0*k**2 + 3*k**r + 3. What is q(1)?
1
Let g = 54 - 46. Suppose -2*o - 36 = o. Let y = g + o. Let m(d) = 3*d + 3. Calculate m(y).
-9
Let b(p) = 26*p + 9*p**2 - 7*p**3 + 6*p**3 - 3 - 36*p. Let l = 80 - 73. Calculate b(l).
25
Let i(q) be the third derivative of -q**5/60 + q**4/24 + 11*q**3/6 + 95*q**2. Determine i(5).
-9
Let h = 7 + -4. Let g(m) = 6 + 3 - 2*m - 2 - h. Give g(6).
-8
Let y(r) = r**3 - r**2 - 3*r + 2. Suppose -2*a + 14 = -3*d - 0*a, 2*d = -a. Give y(d).
-4
Let l(w) = w**3 - 2*w**2 - w. Suppose -4*q - 50 = -9*q. Suppose 2*n = n - q. Let o = -7 - n. Calculate l(o).
6
Let x(l) be the first derivative of -l**3/3 - 5*l**2/2 + 6*l + 106. Let u = -7 - -2. Give x(u).
6
Let x(t) = -t**2 - 21*t - 17. Suppose 5*b + 18 = d - 86, 4*d = -5*b - 84. Give x(b).
3
Suppose 0 = -i - 5*b - 11, 4*b + 56 = 4*i - b. Let f(r) = -2 + i + 7*r - 6 + 0*r. Give f(3).
22
Let r(i) be the first derivative of -i**2/2 + 12*i - 18. Suppose -2*z - 14 = -4*z. What is r(z)?
5
Let q(w) = w**2 - 10*w - 8. Let g(m) = -m - 3. Let k(t) = 5*g(t) - q(t). Calculate k(2).
-1
Let b(z) = 2*z**3 + 7*z**2 - 9*z + 2. Let s(r) = -3*r**3 - 7*r**2 + 9*r - 1. Let t(w) = -4*b(w) - 3*s(w). Suppose 6 = -2*a + 3*a. Give t(a).
13
Suppose 334 + 62 = 6*y. Let p(s) = y*s + s**2 + 66*s - 134*s. Calculate p(4).
8
Let j = 23 + -17. Suppose -3 = -3*s + j*s. Let z(g) = -7*g**3 + g**2 + 1. Let h(a) = 8*a**3 - 1. Let y(l) = 3*h(l) + 2*z(l). Calculate y(s).
-9
Let q(g) = -3*g**2 + 5*g + 3. Let k(m) = 5*m**2 - 10*m - 5. Let i be (-4)/6 + (-124)/(-6). Suppose -i = -9*x + 4*x. Let o(z) = x*k(z) + 7*q(z). What is o(-4)?
5
Let j(z) be the first derivative of z**4/12 - z**2/2 + 37*z - 33. Let k(o) be the first derivative of j(o). Calculate k(-1).
0
Let t(j) be the second derivative of 27*j - 1/6*j**3 + 3/2*j**2 + 0. What is t(5)?
-2
Let o(k) = -11*k**2 + 32*k + 13. Let n(g) = -5*g**2 + 16*g + 8. Let j(v) = 13*n(v) - 6*o(v). Determine j(-14).
-2
Suppose -1 = c - 0. Let d(l) be the first derivative of 3*l**2/2 - 42. What is d(c)?
-3
Let y = 5 + 3. Let l(v) = -2*v**2 + 9*v + 6. Let d(p) = p**2 - 3*p - 2. Let x(u) = y*d(u) + 3*l(u). Calculate x(-2).
4
Let a(w) be the first derivative of w**4/4 - 5*w**3/3 - 3*w**2 - 3*w + 1. Let g be (6 - 4)*-1 + (6 - -2). Give a(g).
-3
Let x(s) be the first derivative of -8*s**3/3 - s - 2. What is x(-1)?
-9
Let h(w) = -2*w**2 + w. Let u be 5*7*(-6)/(-210). Give h(u).
-1
Let l(k) = -k**2 - 5*k + 8. Let a(c) be the first derivative of c**2/2 + 6*c - 3. Let r be a(15). Suppose 17*u - 14*u = -r. Calculate l(u).
-6
Let k(d) = -3*d**2. Let g(m) = -2*m. Let s be g(-4). Let o(n) = -n**2 + 7*n + 6. Let q be o(s). Give k(q).
-12
Let j(b) = b**2 - 2. Let r be j(2). Let n(o) = 3*o**2 + 7*o - 6. Let t(w) = 8*w**2 + 20*w - 16. Let u(x) = -11*n(x) + 4*t(x). What is u(r)?
4
Let a(s) = -s**3 - s**2 - 3*s - 4. Suppose -4*m - q = -15, -5*m - q = -6*q. Give a(m).
-49
Let k be (1/2)/(((-9)/14)/9). Let t(o) = -o**2 - 5*o - 13. Give t(k).
-27
Suppose -2*l - 21 = -5*k, 2*k - 9 = 1. Let m(b) = b - 6. Determine m(l).
-4
Suppose 0 = -138*l + 473 + 217. Let q(a) be the first derivative of -6*a + 1 - 1/3*a**3 + 3*a**2. Calculate q(l).
-1
Let s(t) = 10*t - 8. Let k(y) = y**2 + 4*y - 2. Let u be k(-4). Let r(w) = 2*w - w + 1 - 2*w. Let z(d) = u*s(d) - 18*r(d). Give z(2).
-6
Let j(c) be the second derivative of -c**5/60 - c**4/6 + 2*c**3/3 + 3*c. Let a(u) be the second derivative of j(u). Calculate a(-3).
2
Let d(i) = i + 12. Let r be ((-77)/(-21))/(2/(-6)*1). Give d(r).
1
Let s(x) = -x**3 + 3*x**2 + 2*x + 1. Let w be (-1)/(-3) - (-4)/(-12). Let u = w - -4. Calculate s(u).
-7
Let k(f) = f + 30*f**2 + 8*f**3 + 3*f**3 + 37*f**2 - 68*f**2. What is k(1)?
11
Suppose -z = 4 - 7, -z - 3 = h. Suppose 5*m - 3 = 7. Let i(d) = -7 + 6 + 0*d + m*d. Calculate i(h).
-13
Let g(w) = -w**2 + 3*w - 2. Let b = -10 - 0. Let p = b - -26. Suppose -q - 4*k - p = -3*q, q = -2*k. What is g(q)?
-6
Suppose -2*f = -0*f - 10. Suppose -m + 18 = 3. Let s(v) = -v + 0*v - m + f. What is s(0)?
-10
Let n(r) = 0*r**2 - 7*r - 4*r + r**2 - r - 7. What is n(14)?
21
Let k = 263 - 268. Let r(t) = t**2 + 6*t. Determine r(k).
-5
Let g(w) = 0*w**2 - 2*w**2 + w + 4 + 4*w. Let i(f) = 5*f**2 - 9*f - 7. Let q(j) = -7*g(j) - 3*i(j). What is q(-7)?
0
Let y be 423/(-81) - (-4)/18. Let l(b) be the second derivative of 1/6*b**3 - 1/2*b**2 - 5/12*b**4 + 0 - 1/20*b**5 + 7*b. Determine l(y).
-6
Let n(z) = z. Let s(r) = r**2 - 13*r + 8. Let x(j) = 6*n(j) + s(j). Let v be x(6). Let t(h) = 3*h + 2. Calculate t(v).
8
Let k(j) = -7*j**3 + 31*j**2 - 6*j - 1. Let y(t) = -20*t**3 + 89*t**2 - 18*t - 2. Let m(o) = -17*k(o) + 6*y(o). Calculate m(6).
5
Let u(n) = -3*n + 3. Let y(o) = 10*o - 15. Let s(m) = 14*u(m) + 4*y(m). Determine s(-10).
2
Let b(q) = 9*q - 25. Let t(x) = -11*x + 24. Let d(p) = -5*b(p) - 4*t(p). Calculate d(0).
29
Let v(q) = -16*q + 3. Let i be 2 + (0 - 0) + 4 + -5. Give v(i).
-13
Let a(o) be the second derivative of -o**4/24 + 17*o**2/2 + 4*o - 5. Let j(n) be the first derivative of a(n). Determine j(-1).
1
Let l(p) = -p**2 - p + 11. Let u be (25 + -25)/(2 + -1). Calculate l(u).
11
Let u be 12/(6/3) - 0. Suppose -4*r - u = -r. Let o(f) = -3*f + 5 + 3 + f - 3 - 3 - 3*f**2. Determine o(r).
-6
Let r(u) be the first derivative of -u**4/4 - 7*u**3/3 - 9*u**2/2 + u - 187. Give r(-3).
-8
Let m(q) be the third derivative of q**6/120 + 7*q**5/30 - 17*q**4/12 - 13*q**3/2 + 864*q**2. Calculate m(-16).
-7
Let r(m) = 37*m**2 + m. Let j(g) = -60*g + 299. Let f be j(5). Give r(f).
36
Let b(z) be the first derivative of 13*z**2/2 - 3*z + 197. Give b(-4).
-55
Let y(u) = -3*u**3 + 9*u**2 + 11*u + 12. Let d(i) = -8*i**3 + 26*i**2 + 31*i + 34. Let b(c) = -4*d(c) + 11*y(c). What is b(-4)?
-8
Let t(p) = -p - 33 + 34 - 2*p. Determine t(-1).
4
Let a(p) be the third derivative of -p**4/24 + 7*p**3/3 + 40*p**2. Calculate a(16).
-2
Suppose 2 - 4 = -v. Let m(t) = 2*t**3 - 12*t**2 + 10*t + 12. Let g(h) = -h**3 + 6*h**2 - 5*h - 6. Let x(d) = v*m(d) + 5*g(d). Let a = -9 - -14. What is x(a)?
-6
Let k(n) = 3*n - 3. Let b(s) = 3*s - 39. Let z be b(16). Let j(p) = -p**2 + 2*p + 2. Let w be j(-2). Let a be ((-12)/z)/(2/w). Calculate k(a).
9
Suppose 0 = 2*s - m + 5*m - 122, -4*s = -m - 235. Suppose 8 = 2*w, -7*l - w = -2*l - s. Let k(f) = f**3 - 10*f - 6 + 4*f + l + 4*f**2. Determine k(-5).
10
Let j(z) be the third derivative of -z**6/120 + z**5/12 + z**4/24 + 4*z**3/3 + 21*z**2 + z. Calculate j(6).
-22
Let s(r) = -6*r**3 - 45*r**2 + 5*r - 30. Let n(u) = -u**3 - 9*u**2 + u - 6. Let f(y) = 11*n(y) - 2*s(y). Give f(9).
3
Suppose 0 = 2*o - 10, 0 = w + 4*o - 7*o + 18. Let d(g) = 3*g**2. Let a be d(-1). Let j(b) = -3*b - 4*b**3 + b + 3*b**a - 4*b**2 - 2. Give j(w).
-5
Suppose 15 = 115*f - 118*f. Let p(d) = 7*d - 12. Let a(t) = 13*t - 23. Let h(l) = 6*a(l) - 11*p(l). What is h(f)?
-11
Suppose t = 4*o - 42, -5*o = 4*t + 59 + 88. Let n = -33 - t. Let x(s) = s**2 - 4*s + 5. What is x(n)?
10
Let j(c) be the third derivative of 0 + 0*c - c**2 + 1/120*c**6 + 1/10*c**5 - 1/2*c**3 - 1/4*c**4. Determine j(-7).
-10
Let k(v) = -v**2 + 5*v - 5. Let w(s) = -s**3 - 12*s**2 - 13*s - 16. Suppose 2*m = -4*m + 12. Let j be m/2 + 12/(-1). Let r be w(j). What is k(r)?
-11
Let m be 3 + 2/2*-1. Let c(l) = -3*l**3 + 4*l**3 + m*l**3 + 0*l**3. Determine c(-1).
-3
Suppose 2*v = 4*t - 14, 2*v = -3*v - t + 20. Let u(o) = v + 5 + 2*o - 3*o. Suppose -5*h = -5*p + 20, -4*p + 3*h + 16 = -0*p. What is u(p)?
4
Let x(v) = 35*v**2 